-4
Let n(o) = -80*o + o**2 + 5 + 72*o + 4. Let i be 4 - 22*(3 - 2). Let v be ((-10)/(-6))/((-5)/i). Calculate n(v).
-3
Let d(q) = q - 9. Let f(m) = -10*m**2 + 4*m**3 - 3*m**3 - 4 + 5 - 2*m**2 + 12*m - 5. Let z be f(11). What is d(z)?
-2
Let j(d) = -3*d**2 + 3*d - 1. Let s(u) = 17*u**2 - 14*u + 7. Let v(n) = -n**3 + 17*n**2 - 31*n + 4. Let x be v(15). Let h(z) = x*j(z) - 2*s(z). What is h(-5)?
-3
Suppose -3*v + 5*b - 10 = 33, b - 46 = 4*v. Let u(k) = -k**2 - 11*k + 13. Calculate u(v).
13
Let o be -13 - ((-8)/(-1) + -18). Let j(v) = v**3 + 4*v**2 + 3*v - 6. What is j(o)?
-6
Let n = 479 - 418. Let z(g) = 65 - 23*g**2 - 191 + 64 + n. Calculate z(1).
-24
Suppose -6 + 0 = 2*d. Let n(c) = 55*c + 15. Let v(a) = 404*a + 110. Let p(u) = -44*n(u) + 6*v(u). Determine p(d).
-12
Let m be (180/(-16) - -3) + (-2)/(-8). Let u(s) = -34*s**2 + 2*s + 7. Let f(n) = 41*n**2 - n - 6. Let l(t) = -5*f(t) - 6*u(t). Give l(m).
-20
Let u be 2 - (2 + 36/6). Let f(d) = 60*d - 6. Let x(y) = -21*y + 2. Let n(q) = u*f(q) - 17*x(q). Suppose 2*i + 4 = 2*o, -3*o + 8 - 2 = 3*i. Determine n(o).
-4
Suppose 5*r - 13*r = 104. Let q(b) = -2*b - 13. Calculate q(r).
13
Let r be 1637/3 - 3/(-9). Suppose r = 14*u + 126. Let b(w) = 29 - 59 + u - 4*w + 2*w**2. Give b(3).
6
Let m(z) = -8*z - 4. Let a(t) = -3*t**2 + 26*t - 49. Let u be a(3). Determine m(u).
-20
Suppose -m - 30 = -3*m + 2*v, 0 = -5*v - 25. Suppose -41*z - m = -43*z. Let t(q) = 3*q + 4*q + 9 - 8*q. Give t(z).
4
Let b(j) = j**3 + 6*j**2 - 5*j - 13. Let f be b(-6). Let n(y) = y + f - 44 + 14 + 11. Let d be (-8)/(-2) + -12 + 12. Calculate n(d).
2
Let h(m) = -m**3 - 6*m + 0 + 0*m**2 - 6*m**2 - 3. Let r be (-649)/(1 - (-6 - -6)). Let j = 645 + r. What is h(j)?
-11
Let z be -7*6/21*1. Let i(b) be the first derivative of b**6/180 - b**5/120 + b**4/24 - 11*b**3/3 + 1. Let d(a) be the third derivative of i(a). Calculate d(z).
11
Suppose -6 = -3*x, -11*l + 3*x - 2 = -9*l. Let k(y) = 8*y**2 + 94 + 0*y**l + 2*y - 93. Determine k(-1).
7
Let g(s) = 506*s + 871. Let o(u) = 185*u + 290. Let h(n) = 4*g(n) - 11*o(n). Give h(27).
-3
Let p(l) be the first derivative of -l**3 + 17*l**2/2 - 5*l + 2055. What is p(7)?
-33
Let u = -25 - -53. Let q = -43 + u. Let s(m) = -m**2 - 15*m - 3. Let w be s(q). Let z(l) = -2*l**2 - 2*l + 4. What is z(w)?
-8
Let p(k) = -5*k + 20. Let g(l) be the second derivative of -l**3/6 + 2*l**2 + 33*l. Let t(a) = 11*g(a) - 2*p(a). Let i be 1 + (-11 + 2 - -2). What is t(i)?
10
Let t(x) be the third derivative of -x**6/120 - x**5/12 + x**4/24 + x**3/6 + 4*x**2 - 24*x. What is t(-5)?
-4
Let l(b) = 2*b**2 + 19. Let x be l(14). Let z(c) = 202*c + 208*c - x*c - 4. Give z(-6).
2
Suppose -14*g + 6*g = -24. Let j(o) = -8*o**3 - 1 + 23*o**3 + o**g. Let q(m) = -2*m - 23. Let w be q(-12). What is j(w)?
15
Let a(u) be the third derivative of -u**6/120 + u**5/15 - u**4/8 - u**3/2 - u**2. Let r be 480/(-210) - 37/(-7). What is a(r)?
-3
Let z(j) = -3*j - 6. Let f(p) be the first derivative of p + 23. Let m(s) = -4*f(s) - z(s). Let d = 0 + 4. Determine m(d).
14
Let b(t) = -t - 7. Let o = -62 + 65. Suppose 4*i + 14 = -o*q, 2*q - 3*i + 12 = -3. Calculate b(q).
-1
Let x(j) be the second derivative of -j**7/2520 - j**6/720 + j**5/30 - 5*j**4/12 + 36*j - 6. Let s(l) be the third derivative of x(l). Give s(3).
-8
Let f(o) = -10*o**3 + o**2 - o - 1. Let v be (-2 + (-12)/(-10))/(1/(-55)). Suppose v*n - 3 = 47*n. Calculate f(n).
11
Let a(r) be the third derivative of 0*r**3 + 0*r - 35*r**2 + 0 + 1/6*r**4. Calculate a(2).
8
Let k(y) = -45 + y - 46 + 149 - 2*y - 53. Give k(1).
4
Let b(a) = -9*a - 20. Let d = -2761 + 2759. Determine b(d).
-2
Let l(c) = c**3 - 11*c**2 + c - 4. Suppose -3791 = -12*z + 97. Let h = z - 313. Give l(h).
7
Let a(c) = 14*c + 50. Let n(v) = -8*v - 45. Let i(s) = -2*a(s) - 3*n(s). Give i(0).
35
Suppose -32*h + 23 = -10 + 1. Let i(m) = 40*m - 1. What is i(h)?
39
Let n(y) = 46*y - 2. Let w = -1355 - -1354. What is n(w)?
-48
Let r(y) = 21*y + 2. Let o be (-4 + 5)*0/(2 + -11). Calculate r(o).
2
Suppose 1 - 10 = -c. Suppose o = c*o - 40. Let l(k) = 5 - 2 + 8*k + 0 - o. What is l(-2)?
-18
Suppose o = 5*t + 4, -24*t + 19*t + 4*o - 16 = 0. Let v(j) = 1 + j**2 - 3 - 3. Calculate v(t).
-5
Let a(p) be the third derivative of 4*p**5/15 + p**4/2 + p**3/3 + 127*p**2. Let u(j) = 19*j**2 + 12*j + 3. Let q(s) = -6*a(s) + 5*u(s). What is q(-12)?
3
Let b(m) = 7*m**3 + 2*m**2 - 3*m. Let f be b(1). Let c(k) = -5*k**3 + 11*k**2 - 8*k + 7. Let d(y) = -y**3 + y**2. Let t(n) = -c(n) + 4*d(n). Calculate t(f).
5
Suppose x = 5*x - 16. Let c be x/(-10) + (792/30)/6. Let o(g) = -6*g**3 - c - 9*g + 5 + 8*g. Give o(1).
-6
Let h = -113 + 122. Suppose h*k - 39 = 6. Let i(n) = n**2 - 5*n + 4. Determine i(k).
4
Let x(s) = -3*s**3 + 649*s + 4*s**3 - 4 - 3*s**2 - 651*s. Let c = 8 + -6. Let f(b) = -b + 6. Let d be f(c). Give x(d).
4
Let p(y) = -y**3 + 9*y**2 - 19*y. Suppose 0 = 11*v + 12 - 78. Determine p(v).
-6
Let f(y) = y**3 + 6*y**2 - 11*y + 13. Let t(d) = -206*d + 1847. Let c be t(9). What is f(c)?
41
Let u(q) = -3*q**3 + 3*q**2. Let r(f) = f - 51. Let y(d) = -26. Let v(s) = 3*r(s) - 5*y(s). Let g be v(11). Suppose -4*t + g = t. Determine u(t).
-12
Suppose 4*u + 0*r = 3*r + 16, 12 = 3*u + 2*r. Let z(b) be the third derivative of -b**4/24 + 5*b**3/6 - 1155*b**2. Give z(u).
1
Let z(t) = t**2 + 7*t + 9. Let r be (-2)/3 - 558/(-27). Let d(p) = -2*p + 33. Let f be d(r). Determine z(f).
9
Let i(d) = -d**2 - 14*d + 3. Suppose -y = 49*o - 44*o - 4, 12 = 3*o. Calculate i(y).
-29
Let f(v) = v**2 - 8*v + 6. Let t(j) be the first derivative of -2*j**2 + 3*j - 59. Let z(s) = 2*f(s) - 5*t(s). What is z(-4)?
13
Let m(o) = -o**3 - 3*o**2 + 4*o + 1. Let k = -95 + 104. Let r be (k/(-5) - -3)/(6/(-20)). Determine m(r).
1
Let o(f) be the third derivative of f**7/5040 - f**6/80 - 17*f**5/15 + 146*f**2. Let w(g) be the third derivative of o(g). Determine w(6).
-3
Let x(c) = 3*c**2 - 17*c - 6. Suppose -50*g - 30 = -56*g. Let v(h) = -2*h**2 + 15*h + 5. Let s(w) = g*x(w) + 6*v(w). Give s(-4).
28
Let m(n) = 5 + 7 + 2*n**2 - 16 - 40*n - 24*n + 6. Determine m(32).
2
Let x(s) = s - 18. Suppose -9*i + 1114 = -4763. Let a = i + -653. Determine x(a).
-18
Let i(m) = -4*m**2 - 5*m. Let v(n) = -3*n**2 - 18 + 24*n - 15*n - 10 + 6 + 23*n. Let u be v(10). Determine i(u).
-6
Let v(w) = -w**3 - w**2 + w - 2. Suppose -3*c + 1185 = -0*c. Let z be c/20 + 3/12. Let g be 5/(z/8) - 0. What is v(g)?
-12
Let m = 6250 + -6247. Let g(w) be the first derivative of -w**4/4 + w**2 - w + 2. What is g(m)?
-22
Suppose x + r - 3*r - 9 = 0, -2*x = -3*r - 11. Let y(z) = 10*z - 8*z - 1 + z**2 + 2*z. What is y(x)?
4
Let i(j) = -j**2 - 67*j + 967. Let g be i(12). Let h(u) = u**3 - 23*u**2 + 73*u + 55. Calculate h(g).
-2
Let f(r) = -13*r**3 + r**2 - 1. Let u be (-309)/(-1)*5/(-15). Let h = u + 102. What is f(h)?
13
Suppose 14*b - 4091 + 367 = 0. Let a = -276 + b. Let u(h) be the third derivative of -h**6/120 - h**5/6 - h**4/24 - 5*h**3/6 + h**2. Give u(a).
5
Let g(u) = -12*u - 11*u - 20 - 35 + 10*u + 40. Calculate g(0).
-15
Let j(v) = -v**3 - 2*v**2 + 2*v**2 + 3*v - 2*v**2 + 0*v**3. Suppose -2*w - 2*w - 152 = 0. Let i = w + 35. What is j(i)?
0
Let p(y) = -10*y**3 - 2*y**2 + y. Let a be ((-85)/(-15) + -4)*(-6)/(-2). Suppose -9*s = -10*s + a. Suppose 3*d + 8 = d - s*f, 0 = 2*d + f. What is p(d)?
-11
Let p be 4/(-26) + (-2853)/(-39) + -2. Suppose -9*b = -p - 154. Let z = 19 - b. Let c(y) = -y**3 - 5*y**2 + 9*y + 9. Determine c(z).
-9
Let c(a) = a**2 - 8 + 163*a + 20 - 165*a - 7. Determine c(0).
5
Let x(v) = -v**3 - 4*v**2 + 4*v. Let f(r) = r**3 + 8*r**2 - 5. Suppose -83 = 11*j + 5. Let a be f(j). What is x(a)?
5
Let q(c) be the second derivative of c**4/4 + c**3/2 - 13*c**2/2 + 9*c - 18. Calculate q(-3).
5
Let s(n) = 3*n**2 + 11*n + 6. Let c(a) = -3*a**2 + 10*a + 164. Let f be c(-6). Determine s(f).
10
Let w(j) be the first derivative of -2*j - 208 + 7/2*j**2. What is w(2)?
12
Let s(k) be the second derivative of -1/2*k**2 - 1/6*k**3 + 0*k**4 - 9/20*k**5 + 2 + k. Give s(-1).
9
Let j(z) = -5746*z - 5689*z + 11424*z - 4. Determine j(-5).
51
Let z(b) be the first derivative of 0*b + b**3 + 1/2*b**2 + 320. What is z(-3)?
24
Let m(k) = -1. Suppose -w - 11 = -2*n, 2*w + 29 = 5*n + 1. Let u(t) = 2 + 3*t + n - 4. Let i(r) = 6*m(r)